6 = 0. Suppose -x = -k + 4*k. What is y(k)?
8
Let y be (36/(-63))/((-1)/((-14)/4)). Let c(j) = -j**2 - 2*j - 4. Let o(x) = 2*x**2 + 4*x + 7. Let l(s) = 11*c(s) + 6*o(s). What is l(y)?
-2
Let i(k) be the third derivative of k**6/120 + 7*k**5/60 + 5*k**4/24 + k**3/6 + 3*k**2. What is i(-6)?
7
Let n(r) = 4*r**2 + 10*r + 12. Let v(w) = -w**2 - w - 1. Let g(o) = n(o) + 5*v(o). Calculate g(6).
1
Let h(d) be the first derivative of d**4 - d**3/3 - 2. Give h(1).
3
Let c(s) be the first derivative of -s**2/2 + 5*s - 1. Let q(w) = -2*w - 25. Let g(v) = v + 24. Let o(r) = 5*g(r) + 4*q(r). Let p be o(8). Calculate c(p).
9
Let v be (-5)/(-7) - (-4)/14 - -4. Let p(r) = 3*r + 2. Calculate p(v).
17
Let u(b) be the third derivative of b**5/30 - 5*b**4/8 + 13*b**3/6 - 3*b**2. Let v(t) = -t**2 + 7*t - 6. Let z(x) = -2*u(x) - 5*v(x). Give z(5).
4
Let q = 162 + -169. Let v(z) = -z**3 - 6*z**2 + 7*z + 1. Calculate v(q).
1
Let s(p) be the second derivative of -2*p**3/3 + 7*p**2/2 - 3*p + 4. Calculate s(3).
-5
Let c(d) = -d**2 - 3*d - 4. Let b(j) = j - 2. Let o be b(-7). Let y = -13 - o. What is c(y)?
-8
Let z(b) = -2*b - 37. Let j(u) = u + 18. Let c(o) = 13*j(o) + 6*z(o). What is c(-11)?
1
Suppose 3*h = -7 - 2. Let a(u) = -u**3 - 5*u**2 - 4*u. What is a(h)?
-6
Let n(g) = g**2 + 7*g + 4. Let s = -20 - -15. Give n(s).
-6
Let k(l) = 15*l**2 + 8*l + 11. Let h(j) = 7*j**2 + 4*j + 5. Let s = 17 + -10. Let y(u) = s*h(u) - 3*k(u). Determine y(-2).
10
Let a(d) = -d**3 - 2*d**2 + 2*d - 2. Suppose -5*q = -4*g + 3 - 15, -5*q = 0. Determine a(g).
1
Suppose -3*k - k + 8 = 0. Let i = 7 - 4. Suppose -3*x = -i*g + 15, 3 = -k*x - g - 1. Let o(s) = -s**2 + 3. Calculate o(x).
-6
Let r be (-3 - -2)*(-6 - -3). Suppose r*v = -v + 8. Let y(h) = -3*h + 1 + 2*h - 2*h + 2*h**v + 4*h. Determine y(2).
11
Let p(a) = 2*a. Let g(m) = m**3 + 2*m - 1. Suppose -1 - 2 = -3*u. Let x be g(u). What is p(x)?
4
Suppose 3*t = -t. Let v(z) = -4*z**2 + 5*z**2 + t*z**2 - 3*z - 5. Suppose 2*l + 2*y = -3*y - 12, 0 = 4*l - 2*y - 24. Give v(l).
-1
Let c(u) be the third derivative of u**5/30 - u**4/12 - u**3/2 - 17*u**2. Determine c(-2).
9
Let u(m) = 7*m**2 - 1. Let y(a) = -3*a - 2. Let r be y(-2). Suppose 1 = 5*s - r*j - 10, 2*j + 4 = 2*s. Let f = s + -4. Calculate u(f).
6
Let f(s) = s**2 - s. Let z(h) = -h**3 + 9*h**2 - 2*h - 5. Let o(m) = 4*f(m) - z(m). What is o(5)?
-5
Suppose -4*w - 10 = -s - s, 3*s = -15. Let l(j) be the first derivative of j**3/3 + 3*j**2 + 5*j + 8. Give l(w).
0
Let u(a) = a - 5 + 2 + 18. Suppose 3*d + 25 = -2*j - 6, -j = 4*d + 33. Determine u(d).
8
Let q(p) = -p**3 - 2*p**2 + 4*p. Let n be q(-3). Let v(a) = a**2 + 3*a + 3. Calculate v(n).
3
Let h(n) = n**3 + 5*n**2 - 1. Let q(x) = -x**3 + 7*x**2 - 5*x - 11. Let o be q(6). Calculate h(o).
-1
Let w(y) = 3*y**2 + 8*y + 1. Let k(r) = 7*r**2 + 16*r + 1. Let q(f) = 2*k(f) - 5*w(f). Determine q(-7).
4
Let s(g) = -g**2 + g + 3. Let x be s(0). Let b(a) be the first derivative of 1/3*a**x + 0*a**2 - 10*a - 1. What is b(0)?
-10
Let m(v) be the second derivative of -v**3/6 + 9*v. Suppose 4 = 5*l + 14. What is m(l)?
2
Suppose 7 - 27 = 4*x. Let m(b) = -b**2 - 2*b + 2. What is m(x)?
-13
Let l(p) = -p**2 + p. Suppose q - 3 = 3*v, -5*v - 22 = 3*q + q. Let k(x) = 2 + x + 4 - 7. Let y(o) = v*k(o) + l(o). Determine y(-3).
-4
Let l(g) = 2*g**2 + 1 + 6*g - 1. Suppose -26 = -3*d - 38. What is l(d)?
8
Let p(r) = -2*r**3 + 4*r**2 + 3. Let f(m) = m**3 + 12*m**2 + 12*m + 14. Let g be f(-11). Determine p(g).
-15
Let u(g) = g**2 + 4*g. Let h(z) = z**2 + 5*z + 1. Let x(q) = 3*h(q) - 4*u(q). Suppose 4*r = -0*i - 2*i + 2, 5*i - 5 = -5*r. What is x(r)?
3
Let t(n) = 0*n + 14 - n**2 - n - 15. Give t(4).
-21
Let o(v) = v**2 - 2*v**2 + 0*v**2 + 7 + 5*v. Let f(y) = y**2 - 5*y - 6. Let x be f(6). Suppose -w - 3 = -p, 0 = -2*w - x + 4. Give o(p).
7
Let h = -7 - -5. Let a be (-2 - (-4 + 1)) + 0. Let o be (a + h)*1 + -1. Let u(x) = -3*x - 2. Calculate u(o).
4
Let o(q) = 3*q. Let x(k) = k + 5. Let l(t) = t + 4. Let r(y) = 5*l(y) - 4*x(y). Let f(p) = 2*o(p) - 5*r(p). Determine f(4).
4
Let m(w) = -w**2 + 5*w + 3. Suppose 4*k = s + 3 + 12, -k - 12 = 5*s. Determine m(s).
-21
Let n(g) be the first derivative of g**2/2 + g - 5. Let i(y) = y - 1. Let h be i(3). Suppose -2*s - 2 - h = 0. Determine n(s).
-1
Let z(l) = l**3 + 7*l**2 - l - 1. Let s be z(-7). Let t = s - 5. Let a = -3 + t. Let o(w) = -w**3 - 2*w**2 - w. What is o(a)?
2
Let o be 1*5/((-10)/12). Let k(n) = n**2 + 5*n - 2. What is k(o)?
4
Let l = 6 - 3. Suppose -l*v + 28 = -7*m + 2*m, -3*m = 15. Let y(h) = -16*h**2 + 7*h - 3. Let d(t) = 5*t**2 - 2*t + 1. Let k(r) = 7*d(r) + 2*y(r). What is k(v)?
4
Let l(p) = -6*p - 8. Let x be 74/14 - 4/14. Let u(z) = z. Let s(m) = x*u(m) + l(m). Suppose t - 9*t = 48. Give s(t).
-2
Let h(u) be the first derivative of -u**2/2 - 6*u - 6. Calculate h(0).
-6
Suppose 0 = -b + 4*f - 8, -b + 4*f - 9*f + 19 = 0. Let n = -3 + b. Let o(l) = -l - 165 + 165. Determine o(n).
-1
Let s(m) = -m**2 - 6*m - 2. Suppose 2 = o - 3. Suppose -n - o*q = -3*n - 15, n = -4*q - 1. Determine s(n).
3
Let q(v) be the second derivative of v**5/20 - v**4/2 - v**3/6 + 2*v**2 + 17*v. Determine q(6).
-2
Let a be (-10)/35 - (-31)/84. Let l(r) be the third derivative of 1/6*r**4 + r**2 - a*r**5 + 0 + 1/2*r**3 + 1/120*r**6 + 0*r. Calculate l(4).
3
Let k(c) = 3 + 3*c + 2*c - 3 - 8. Let l(j) = -26*j + 41. Suppose 0*p = -h - 3*p - 17, 3*p = 5*h - 5. Let s(t) = h*l(t) - 11*k(t). Calculate s(4).
-6
Let j(l) be the second derivative of -8*l**3/3 - 2*l. Give j(1).
-16
Let c(m) be the first derivative of 3*m**4/2 - 2*m**3/3 + m**2/2 - 21. Give c(1).
5
Suppose -h + 0*h + 2 = 0. Suppose 4*i - 18 = -q, q - h*i + 2 = -2*q. Let s be ((-1)/(-2) - q)*-2. Let j(a) = 2*a + 3. Calculate j(s).
9
Let v(y) = y - 11*y - 20*y**2 + 10 + 21*y**2. What is v(8)?
-6
Let o(x) = x**3 + 4*x**2 - x + 1. Let q(d) = d**3 + 5*d**2 - 7*d - 2. Let j be q(-6). Suppose f - 2*f - j = 0. Calculate o(f).
5
Suppose 4*q - c - 20 = -2*c, -5*q - 3*c = -18. Let g(b) = -2*b - 5*b**2 - 9 + b**3 - 2*b**2 + 10*b. Calculate g(q).
3
Suppose 12 = 3*f - 0. Let x(a) be the first derivative of a**2/2 - 2*a - 1. Give x(f).
2
Let x(g) = g - 4. Let d = 36 + -26. Suppose d = -0*a + 2*a. Give x(a).
1
Let u(l) = -l - 4. Let h(k) = k**3 + 7*k**2 - 4*k - 28. Let y be h(-7). Determine u(y).
-4
Let m(d) be the first derivative of d**3/3 + 3*d**2/2 - 5*d + 2. Let r(f) = 11*f. Let s be r(1). Let k = -16 + s. Calculate m(k).
5
Let u(f) = f**2 + 7*f + 9. Let m(a) be the third derivative of a**5/30 + 7*a**4/12 + 3*a**3 + 5*a**2. Let x(p) = -3*m(p) + 5*u(p). What is x(-6)?
-3
Let f(s) = 2*s - 3. Let r(v) = -v + 2. Suppose 19 - 56 = 4*n - i, -4*n - 35 = i. Let a be (2 - 15/9)*n. Let j(q) = a*f(q) - 7*r(q). Determine j(0).
-5
Suppose 3*k - 52 - 56 = -4*a, -4*a + 3*k = -132. Let v be ((-6)/(-5))/(9/a). Let t(g) = -8 - 5*g**2 + g**3 + 3*g - g + 13. Give t(v).
-3
Let k(a) = 4*a**2 + a - 1. Suppose 0 = -3*h + 35 - 8. Suppose -d + 10 = 4*b - 4*d, -4*d - h = -b. Determine k(b).
4
Suppose -i = -4*h + 3*i + 24, -2*i - 16 = -4*h. Suppose h*o + 1 = -15. Let c(z) = -z**3 - 8*z**2 - z - 9. Calculate c(o).
-1
Suppose 0*u + u - 3 = 0. Let a(j) be the second derivative of 1/6*j**3 + 0 + 5*j**2 - u*j. What is a(-5)?
5
Let a = 0 - 1. Let b be ((-36)/2)/(-1 - 1). Let m(w) = -b - w + 9 + 7*w**3. Determine m(a).
-6
Let m = 11 - 5. Let i(l) = 4*l**3 - 8*l**2 - 2*l - 2. Let j(u) = 9*u**3 - 17*u**2 - 3*u - 4. Let n(k) = -7*i(k) + 3*j(k). Determine n(m).
-4
Let v(i) = -5*i**2 + 2*i + 1. Let d be -5 + (2*-1 - -1). Let t(o) = -1 + o**3 - 7*o + 2*o**2 - 1 - 5 + 3*o**2. Let m be t(d). Determine v(m).
-6
Let t(x) = x - x**2 + 0*x - 3*x. Let s(g) = -g**3 + 2*g**2 + g. Let i be 20/(-28) + (-4)/14. Let h be s(i). What is t(h)?
-8
Let f(i) = 37*i**2 + 8*i + 13. Let a(w) = -9*w**2 - 2*w - 3. Let k(m) = 9*a(m) + 2*f(m). Determine k(-1).
-6
Let i(j) = 2*j + 11. Let d be i(-8). Let n(g) = -g**3 - 4*g**2 + 6*g + 1. Calculate n(d).
-4
Let k(l) = 2*l - 4*l - l**3 - 6*l**2 - 2 + 5 + 9*l**2. What is k(2)?
3
Let m be (-2)/(-8) - (0 - 39/(-12)). Let v(n) = n**2 + 2*n - 1. Determine v(m).
2
Let y(r) be the first derivative of -r**4/4 + 3*r**3 + 11*r**2/2 - 15*r + 1. What is y(10)?
-5
Let m(k) = 7*k**2 - 7*k + 6. Let p(q) = -q + 1. Let w(y) = -m(y)